s divided by 1230?
705
What is the remainder when 816568 is divided by 17371?
131
Calculate the remainder when 356950 is divided by 22308.
22
Calculate the remainder when 111001184 is divided by 37000394.
2
Calculate the remainder when 1879712 is divided by 25062.
62
What is the remainder when 216333 is divided by 216330?
3
Calculate the remainder when 10767167 is divided by 2153.
14
Calculate the remainder when 15511608 is divided by 739.
737
What is the remainder when 22965 is divided by 3778?
297
What is the remainder when 58964357 is divided by 138?
131
Calculate the remainder when 4080211 is divided by 198.
25
Calculate the remainder when 2378847 is divided by 30.
27
What is the remainder when 9598711 is divided by 122?
117
What is the remainder when 19125 is divided by 6187?
564
What is the remainder when 8880 is divided by 1615?
805
What is the remainder when 341167 is divided by 1715?
1597
Calculate the remainder when 1465966 is divided by 18556.
42
What is the remainder when 228869 is divided by 123?
89
Calculate the remainder when 24738 is divided by 6186.
6180
What is the remainder when 88016840 is divided by 1149?
1142
What is the remainder when 9330295 is divided by 700?
695
What is the remainder when 22862225 is divided by 33?
23
What is the remainder when 79096 is divided by 3430?
206
What is the remainder when 108833 is divided by 27198?
41
What is the remainder when 962602 is divided by 358?
298
What is the remainder when 3354665 is divided by 2734?
47
What is the remainder when 195327 is divided by 1155?
132
Calculate the remainder when 220075 is divided by 220066.
9
What is the remainder when 1205746 is divided by 157?
143
What is the remainder when 137825558 is divided by 259?
3
Calculate the remainder when 872098 is divided by 14.
10
Calculate the remainder when 42502 is divided by 1759.
286
Calculate the remainder when 122282 is divided by 996.
770
Calculate the remainder when 747215 is divided by 397.
61
What is the remainder when 1223294 is divided by 95?
74
Calculate the remainder when 604719 is divided by 2208.
1935
What is the remainder when 1077563 is divided by 29924?
299
What is the remainder when 16883 is divided by 16812?
71
Calculate the remainder when 4283083 is divided by 52.
51
What is the remainder when 23788874 is divided by 1181?
1172
What is the remainder when 247841 is divided by 247833?
8
Calculate the remainder when 511462 is divided by 100946.
6732
Calculate the remainder when 351350997 is divided by 1500.
1497
What is the remainder when 825556 is divided by 2636?
488
Calculate the remainder when 284204 is divided by 1041.
11
Calculate the remainder when 796546 is divided by 799.
742
What is the remainder when 2058241 is divided by 27082?
9
What is the remainder when 3537592 is divided by 221099?
8
Calculate the remainder when 20773773 is divided by 4769.
9
What is the remainder when 39643 is divided by 5581?
576
Calculate the remainder when 14746883 is divided by 77.
74
Calculate the remainder when 2663123 is divided by 10779.
710
What is the remainder when 42061 is divided by 39947?
2114
What is the remainder when 23564883 is divided by 5?
3
What is the remainder when 333609 is divided by 6059?
364
What is the remainder when 13602 is divided by 63?
57
Calculate the remainder when 34011587 is divided by 31.
30
What is the remainder when 1421055 is divided by 1421011?
44
What is the remainder when 635692584 is divided by 127138516?
4
What is the remainder when 51280 is divided by 25629?
22
Calculate the remainder when 107553 is divided by 377.
108
What is the remainder when 281654 is divided by 140815?
24
Calculate the remainder when 404125 is divided by 668.
653
What is the remainder when 4068942 is divided by 6563?
6445
What is the remainder when 1642740 is divided by 16427?
40
Calculate the remainder when 465502 is divided by 1804.
70
Calculate the remainder when 1765046 is divided by 928.
918
Calculate the remainder when 77945221 is divided by 7.
4
Calculate the remainder when 29280935 is divided by 3198.
47
What is the remainder when 880392 is divided by 113?
9
Calculate the remainder when 15606 is divided by 21.
3
What is the remainder when 257922 is divided by 4607?
4537
Calculate the remainder when 24389031 is divided by 252.
219
What is the remainder when 5428327 is divided by 1357062?
79
What is the remainder when 7944721 is divided by 6356?
6077
Calculate the remainder when 31974 is divided by 585.
384
Calculate the remainder when 65183 is divided by 959.
930
Calculate the remainder when 419760 is divided by 26181.
864
What is the remainder when 4354043 is divided by 8093?
9
What is the remainder when 1358867 is divided by 339712?
19
Calculate the remainder when 162347 is divided by 19.
11
What is the remainder when 361620 is divided by 1105?
285
What is the remainder when 79329 is divided by 2404?
2401
Calculate the remainder when 346471 is divided by 172643.
1185
Calculate the remainder when 48898 is divided by 1429.
312
What is the remainder when 217892 is divided by 617?
91
What is the remainder when 47379399 is divided by 65?
54
What is the remainder when 29079881 is divided by 71?
56
Calculate the remainder when 122643 is divided by 1497.
1386
What is the remainder when 14308855 is divided by 1853?
1842
What is the remainder when 767067 is divided by 13?
2
What is the remainder when 80302 is divided by 26341?
1279
Calculate the remainder when 2200025 is divided by 133.
72
What is the remainder when 638373 is divided by 845?
398
Calculate the remainder when 10602 is divided by 3526.
24
Calculate the remainder when 7282 is divided by 48.
34
What is the remainder when 359641 is divided by 583?
513
Calculate the remainder when 289570 is divided by 54.
22
Calculate the remainder when 79449 is divided by 12903.
2031
Calculate the remainder when 21346 is divided by 1016.
10
Calculate the remainder when 18135002 is divided by 1015.
1012
What is the remainder when 6330725 is divided by 40?
5
Calculate the remainder when 99319745 is divided by 6621316.
5
What is the remainder when 29131499 is divided by 134868?
11
What is the remainder when 6529540 is divided by 30655?
25
What is the remainder when 14091045 is divided by 2818206?
15
Calculate the remainder when 1212656 is divided by 196.
4
Calculate the remainder when 35593522 is divided by 41.
28
Calculate the remainder when 16981443 is divided by 2549.
5
Calculate the remainder when 4402131 is divided by 239.
229
Calculate the remainder when 3949800 is divided by 14.
8
Calculate the remainder when 14983211 is divided by 54.
47
What is the remainder when 2344318 is divided by 5905?
33
What is the remainder when 181763385 is divided by 29?
27
What is the remainder when 427472 is divided by 3444?
416
Calculate the remainder when 33440454 is divided by 302.
296
Calculate the remainder when 132863 is divided by 948.
143
What is the remainder when 73315047 is divided by 1705001?
4
What is the remainder when 241214 is divided by 40198?
26
Calculate the remainder when 13187450 is divided by 178205.
280
What is the remainder when 35618 is divided by 7876?
4114
What is the remainder when 507448 is divided by 501?
436
What is the remainder when 900780 is divided by 225184?
44
Calculate the remainder when 537187 is divided by 35777.
532
What is the remainder when 332087 is divided by 166042?
3
Calculate the remainder when 245413 is divided by 6102.
1333
What is the remainder when 46536072 is divided by 369?
6
Calculate the remainder when 63256014 is divided by 21085338.
0
Calculate the remainder when 1067647 is divided by 355879.
10
Calculate the remainder when 60010 is divided by 5990.
110
What is the remainder when 500647 is divided by 38499?
160
Calculate the remainder when 39027880 is divided by 13009288.
16
What is the remainder when 480415657 is divided by 66?
7
Calculate the remainder when 390830 is divided by 7510.
310
What is the remainder when 13857194 is divided by 3430?
3424
What is the remainder when 213014 is divided by 8439?
2039
Calculate the remainder when 6684521 is divided by 28.
25
What is the remainder when 341734 is divided by 34142?
314
What is the remainder when 10492123 is divided by 497?
453
Calculate the remainder when 71